4, what is 4 - a2?
-9c
In base 7, what is 2 + -165?
-163
In base 8, what is -1144 + 0?
-1144
In base 7, what is 6 - 102?
-63
In base 15, what is -b + -18?
-24
In base 10, what is 305 + 2?
307
In base 15, what is 1 + 5?
6
In base 12, what is 0 + -4b8?
-4b8
In base 2, what is 1111111 - -100?
10000011
In base 2, what is -10110 - -1000010?
101100
In base 12, what is -b - -3a1?
392
In base 6, what is 2320 + 45?
2405
In base 16, what is f - 802?
-7f3
In base 3, what is 200 - 200211?
-200011
In base 14, what is 5 - -232?
237
In base 16, what is -14aa + -3?
-14ad
In base 4, what is 2 - -221122?
221130
In base 5, what is 3 + -12242?
-12234
In base 9, what is 2 - 1320?
-1317
In base 11, what is 91 + -4?
88
In base 12, what is 4 + 10?
14
In base 7, what is -22 + 31?
6
In base 2, what is -1 + -10001011?
-10001100
In base 3, what is 12220121 + 2?
12220200
In base 8, what is 4 + -3444?
-3440
In base 6, what is -5 - 12105?
-12114
In base 9, what is -7 - -3?
-4
In base 9, what is -23 + -20?
-43
In base 9, what is 1450 + -2?
1447
In base 5, what is -11 - 120?
-131
In base 4, what is 3 - 1123300?
-1123231
In base 9, what is 4 - -162?
166
In base 5, what is 1 - -42?
43
In base 5, what is 31030 - -4?
31034
In base 7, what is 0 + 1014?
1014
In base 14, what is -1a + -4d?
-69
In base 15, what is -b - 8?
-14
In base 13, what is 5 - -334?
339
In base 11, what is -4 + -280?
-284
In base 6, what is 3024 - 5?
3015
In base 7, what is 1350 - 6?
1341
In base 6, what is 341052 + 0?
341052
In base 6, what is 2051 - -4?
2055
In base 8, what is 1735 + 0?
1735
In base 8, what is -42 - 41?
-103
In base 12, what is -5 + 41?
38
In base 10, what is 3 + -39?
-36
In base 8, what is 5 - -13352?
13357
In base 8, what is -75 - 6?
-103
In base 11, what is -7221 + -1?
-7222
In base 3, what is -22222 - -22?
-22200
In base 10, what is 11 - -31?
42
In base 15, what is 2 + -1034?
-1032
In base 4, what is 21 - 31?
-10
In base 9, what is 7 + 1244?
1252
In base 12, what is -24 - -172?
14a
In base 2, what is 10011011010100 - 10?
10011011010010
In base 3, what is -21 - -12?
-2
In base 9, what is -45 - 4?
-50
In base 12, what is -43 - 1?
-44
In base 4, what is 11303010 + -11?
11302333
In base 2, what is -11 - -11100011111?
11100011100
In base 16, what is -91 - -1c?
-75
In base 10, what is 37 + 75?
112
In base 8, what is -63 + -11?
-74
In base 2, what is 110000 + -101?
101011
In base 12, what is -5 + 6?
1
In base 10, what is 5 - -2844?
2849
In base 3, what is 11 + -20010202?
-20010121
In base 11, what is -21 + -11?
-32
In base 3, what is 1 - -10220?
10221
In base 9, what is -1070 - 0?
-1070
In base 10, what is 235 + 26?
261
In base 12, what is -6 + 190?
186
In base 11, what is -3 - -7?
4
In base 2, what is 10001 - 1001?
1000
In base 9, what is 78 - -2?
81
In base 5, what is -122004 - -10?
-121444
In base 7, what is -104 - -20?
-54
In base 16, what is 5a1 + -1?
5a0
In base 2, what is -101 + -100111101?
-101000010
In base 5, what is -12433 - -3?
-12430
In base 12, what is 1ba - -70?
26a
In base 9, what is -5 - 1008?
-1014
In base 10, what is 485 + 0?
485
In base 5, what is 224 + -24?
200
In base 11, what is 0 + 717?
717
In base 9, what is 5 - 43?
-37
In base 12, what is 32 + 23a?
270
In base 3, what is 1102010 + 1?
1102011
In base 2, what is 11 + 11?
110
In base 12, what is -603 - 20?
-623
In base 13, what is -147 - 28?
-172
In base 5, what is -2 + -110?
-112
In base 4, what is -3 + -31?
-100
In base 12, what is 21 + 4?
25
In base 5, what is -14 + 1411?
1342
In base 16, what is 2 + -c8?
-c6
In base 13, what is -2 + 7b?
79
In base 11, what is -61 - -37?
-25
In base 11, what is 22 + 47?
69
In base 9, what is -7 - -57?
50
In base 11, what is 9 - -210?
219
In base 14, what is -3d6 - 24?
-41a
In base 11, what is -1a6 + 1?
-1a5
In base 12, what is 1 - -22?
23
In base 4, what is 110 + 21?
131
In base 12, what is -88 + 2?
-86
In base 3, what is 210 + -2?
201
In base 8, what is 3 - -4777?
5002
In base 4, what is -2 - 3123?
-3131
In base 8, what is 12 + 43?
55
In base 15, what is 8 + -63?
-5a
In base 2, what is -111 + -100111?
-101110
In base 15, what is 16 - 8?
d
In base 13, what is -1c4 + -5?
-1c9
In base 14, what is 5 + -45?
-40
In base 6, what is 4 + -2154?
-2150
In base 8, what is -2150 + 3?
-2145
In base 15, what is 5 + -94?
-8e
In base 7, what is -1452 - -6?
-1443
In base 5, what is 0 - -4421?
4421
In base 8, what is 10 - 27?
-17
In base 7, what is 152 + 64?
246
In base 8, what is -23 + 1?
-22
In base 7, what is -10 + -1401?
-1411
In base 4, what is -2 - 113222?
-113230
In base 6, what is -2 - 1434?
-1440
In base 4, what is -13 + -111223?
-111302
In base 8, what is -1 - -110?
107
In base 4, what is 10 + -100?
-30
In base 6, what is -1 - 242?
-243
In base 16, what is -4 - -22?
1e
In base 8, what is 1 - -5523?
5524
In base 11, what is 16a3 - 0?
16a3
In base 14, what is -1 + -68?
-69
In base 13, what is 41 - -bb?
12c
In base 4, what is 2000 - -2?
2002
In base 8, what is 467 + -42?
425
In base 4, what is 10 - 1132?
-1122
In base 8, what is -105 + -112?
-217
In base 14, what is -5 + 5?
0
In base 6, what is -204 - 0?
-204
In base 7, what is 1 + 12616?
12620
In base 2, what is -11110 + 111001?
11011
In base 7, what is 660 - -2?
662
In base 10, what is 4 - -8582?
8586
In base 2, what is 1 + -11100010?
-11100001
In base 9, what is 112 + -1?
111
In base 12, what is 5 + 9?
12
In base 7, what is -11 - -1432?
1421
In base 14, what is -96 - 5?
-9b
In base 12, what is -1 + -18?
-19
In base 6, what is -132 + 342?
210
In base 7, what is 20 - 66?
-46
In base 10, what is 21 - 4?
17
In base 14, what is -a - -5?
-5
In base 2, what is 101010110 - 11?
101010011
In base 5, what is -1 + -4002?
-4003
In base 10, what is -3 + -121?
-124
In base 14, what is 734 + 5?
739
In base 8, what is -1157 - -4?
-1153
In base 10, what is 1644 + 1?
1645
In base 5, what is -20 + -40?
-110
In base 6, what is 1 + 53555?
54000
In base 5, what is 104343 + -4?
104334
In base 15, what is 5 - -68?
6d
In base 5, what is 122 + -2?
120
In base 10, what is -57 - 3?
-60
In base 7, what is 10 + -143?
-133
In base 14, what is 6a + -79?
-d
In base 15, what is -2 + -3bd?
-3c0
In base 14, what is -31 + 1a9?
178
In base 2, what is 100100 - -11?
100111
In base 8, what is -256 + 0?
-256
In base 13, what is -3 - -6?
3
In base 4, what is 12 + 3323?
10001
In base 13, what is -73 - -5?
-6b
In base 8, what is -436 + 1?
-435
In base 12, what is -7 - -394?
389
In base 3, what is 10 + -2?
1
In base 13, what is -5 + -149b?
-14a3
In base 8, what is 22 + -21?
1
In base 6, what is 3 + -153?
-150
In base 10, what is 2 - -13?
15
In base 15, what is -3 + 42?
3e
In base 3, what is 121211220 + 11?
121212001
In base 6, what is 3 + 343?
350
In base 10, what is 3372 + 3?
3375
In base 9, what is 1 - 240?
-238
In base 12, what is 2b - 6?
25
In base 7, what is 5 + -1414?
-1406
In base 4, what is 23 + -11010?
-10321
In base 13, what is 10 + 18?
28
In base 4, what is 3003323 - 1?
3003322
In base 7, what is -614 + -2?
-616
In base 10, what is 4 - 3980?
-3976
In base 13, what is 4 + -a?
-6
In base 13, what is -5 + 3a?
35
In base 10, what is -2 - 15?
-17
In base 11, what is -75 - -122?
58
In base 6, what is 0 + -1003?
-1003
In base 16, what is f - 58d?
-57e
In base 12, what is 4 + 119?
121
In base 6, what is 55 + 25?
124
In base 12, what is 2 - 233?
-231
In base 13, what is -1 - -4a?
49
In base 9, what is 6 - -2?
8
In base 6, what is -3 + 3?
0
In base 9, what is 152 - 3?
148
In base 13, what is 10 + -58?
-48
In base 14, what is -7d3 - 4?
-7d7
In base 3, what is -1111021 + -1?
-1111022
In base 7, what is -53464 - 5?
-53502
In base 12, what is 0 - 1b8?
-1b8
In base 7, what is -56 + 3?
-53
In base 3, what is 1020101 - -2?
1020110
In base 4, what is -11 + -2021?
-2032
In base 12, what is 8 - -41?
49
In base 5, what is -4 + 10303?
10244
In base 7, what is 34 - 1645?
-1611
In base 12, what is -14 + 0?
-14
In base 2, what is -10 - 101111100011?
-101111100101
In base 3, what is -20021222 + 12?
-20021210
In base 4, what is -221300 + 1?
-221233
In base 10, what is -3 + 14?
11
In base 9, what is -3 + -41?
-44
In base 4, what is -3211 - -11?
-3200
In base 4, what is 1 + -201?
-200
In base 8, what is -76 + 20?
-56
In base 3, what is 112121 + -10?
112111
In base 2, what is -100 + -101010110111?
-10101